o - (-4)/88). Calculate the highest common factor of 11 and u.
11
Let x = -373 + 548. What is the highest common factor of x and 7?
7
Let w = -62 - -119. Calculate the greatest common factor of 361 and w.
19
Let b be (156/(-9) + -2)*-3. Suppose 0 = 2*n - 508 - 62. Let l = -198 + n. What is the highest common divisor of b and l?
29
Let h = -154 - -106. Let w = h + 29. Let n = 26 + w. What is the highest common factor of n and 7?
7
Let l(r) = 3*r + 2 - 7 + r**2 + 6*r - 2*r**2. Let s be l(8). Suppose -h = -4 + 2. What is the greatest common divisor of s and h?
1
Let t = -79 - -81. Suppose -4 + 34 = t*h. What is the highest common factor of 60 and h?
15
Let p(b) = 33*b**2. Let m be p(2). Calculate the greatest common divisor of 24 and m.
12
Let a be 4 + 14/(-2) - (-4 + 1). Let z(c) = -c**2 + 9*c - 2. Let g be z(7). Suppose a*r = -2*r + g. Calculate the highest common factor of 1 and r.
1
Let r(b) = -164*b - 250. Let v be r(-5). Calculate the greatest common factor of 90 and v.
30
Suppose i = 225 - 35. Suppose 4*w + w = i. What is the highest common factor of 57 and w?
19
Let f(i) = -i**3 + 46*i**2 - 29*i - 122. Let r be f(45). Calculate the highest common divisor of r and 26.
26
Let n be (15 - 236)/(7 - 8). Let f(o) = -o**2 - 8*o + 1. Let z be f(-6). Calculate the highest common factor of n and z.
13
Suppose -6*h + 1057 = 7. What is the greatest common divisor of 7 and h?
7
Let z be (70/(-4))/(((-147)/14)/21). What is the greatest common divisor of z and 224?
7
Let l = -4 + -8. Let f be (-12)/(-18) + (-4)/l. Calculate the highest common factor of 11 and f.
1
Let o(p) = 3*p**3 - 22*p**2 + 8*p - 5. Let k be o(7). Calculate the greatest common factor of 22 and k.
2
Let o(h) = h + 20. Let i be o(4). Calculate the highest common factor of i and 120.
24
Let t be (-2068)/(-18) - 270/(-243). What is the highest common factor of t and 29?
29
Suppose 24 = 3*z + 2*k - 5*k, 3*k - 21 = -2*z. Let b be (0 - -1)/((-1)/(-6)). What is the highest common divisor of z and b?
3
Suppose 68 = 4*u + 3*x, -u - 5*x = -3*u + 8. Suppose 0 = -4*y + 6*y - u. Let m = y + 13. Calculate the highest common factor of 30 and m.
10
Suppose 5*g = -b + 322, 3*b = -3 + 9. Calculate the greatest common factor of g and 2.
2
Suppose 0 = -9*f + 2284 + 1856. Calculate the greatest common factor of 20 and f.
20
Suppose 5*s + 0 = -4*k + 1, 5*s + 7 = -2*k. Suppose -3*j - 8 = k*r - 6*r, 4*j + 7 = -r. What is the greatest common divisor of 8 and r?
1
Suppose 3*z + 5*i = 453, 64*z + 5*i + 131 = 65*z. What is the highest common divisor of z and 2?
2
Let g = -3 - 10. Let a = g + 21. Suppose 4*l - 3*h = h - a, 3*h = -5*l + 30. What is the highest common divisor of l and 6?
3
Let h = 381 - 315. Calculate the greatest common divisor of 99 and h.
33
Let q(p) = 24 + 2*p + 6*p - 11*p. Let z be q(0). Calculate the highest common divisor of 6 and z.
6
Let s(g) = 3*g**2 + 4*g - 9. Let b be s(-6). Suppose 7*x - 2 = b. Calculate the highest common divisor of x and 11.
11
Suppose 5*a = -n + 52, -2*n + 7*a + 104 = 11*a. Calculate the highest common divisor of 8 and n.
4
Let h(v) = 4*v + 44. Let x be h(-11). Suppose -8*q + 952 = -x*q. What is the greatest common divisor of 17 and q?
17
Let u(d) = -d**3 - d**2 + d - 8. Let c be u(-4). Calculate the highest common divisor of c and 18.
18
Suppose -9*v + 4*v = -125. Calculate the greatest common factor of 15 and v.
5
Suppose 0 = -2*q + 2*s - 56, q + 0*s + 36 = -s. Let t = 32 + q. Suppose t*x = -2*x + 154. What is the highest common factor of x and 11?
11
Suppose -7*n = -2*n - 30. Suppose 3*a - 79 = -5*l, 6*a - 4*l = 113 - 25. Calculate the highest common factor of n and a.
6
Let w(r) = -r**2 - 10*r + 8. Suppose 20 = -3*d - 4. Let n be w(d). What is the highest common factor of 60 and n?
12
Suppose -i = 3*o - 4*o + 94, -i = 2*o - 179. Let y be (-30 + 4)/(7 + -8). Calculate the greatest common divisor of o and y.
13
Let t(r) = -24*r. Let w be t(-1). Suppose 0 = -k - 0 - 1. Let h be ((-48)/56)/(k/14). What is the highest common divisor of w and h?
12
Suppose -19*g + 24*g = 355. Let k = g - 56. What is the highest common divisor of 135 and k?
15
Let g(s) be the second derivative of 29*s**3/6 - s**2/2 + 2*s. Suppose 1 = 7*a - 6*a. Let q be g(a). Calculate the greatest common divisor of q and 4.
4
Let m = 10 - 5. Let j be (138 - m) + 2/1. Suppose 4*s - s = j. What is the highest common divisor of 18 and s?
9
Let q = -55 - -63. Let p(h) = 2*h**3 - 16*h**2 + 2*h - 8. Let a be p(q). Calculate the greatest common factor of a and 80.
8
Let g be 9/1 - (28 + -269). What is the highest common divisor of 75 and g?
25
Let z be (1/(-3))/((-1)/117). Calculate the highest common factor of 65 and z.
13
Let g(y) = y**3 - 17*y**2 - 22*y + 6. Let z be g(19). Calculate the greatest common factor of z and 10.
10
Suppose -4*m - 10 = -5*m. Let h = m + -7. Let x = -14 - -47. What is the greatest common factor of x and h?
3
Let i = -20 + 2. Let l = i + 78. Suppose -4*c + 0*y = 5*y - 65, 0 = -4*c - y + 61. What is the greatest common divisor of l and c?
15
Suppose -2*g + 8*h = 12*h - 1292, -2*g + 1256 = -5*h. Calculate the greatest common factor of g and 116.
58
Suppose -5*q + 60 = -q. Let n be 5*((-3)/q - -2). What is the greatest common factor of n and 9?
9
Suppose 3*f - 63 = 3*j, 74 = 4*f + j - 0*j. Calculate the highest common factor of f and 361.
19
Let m(v) = 38*v + 711. Let g be m(-18). Calculate the highest common factor of 369 and g.
9
Let f be (6 + -2)/(-2) + 25. Let o = 7522 + -7407. Calculate the greatest common factor of o and f.
23
Let n(b) = b**2 - 51 + 19 + 23 + b + 0*b. Let j be n(4). What is the highest common factor of j and 44?
11
Let y = -15 + 18. Suppose y*c + 0*s - 15 = 2*s, 0 = 5*c - s - 32. Suppose -c*n + 200 = -2*n. What is the highest common divisor of 8 and n?
8
Let a = -204 + 258. What is the greatest common factor of 6 and a?
6
Let p(y) = 3*y**2 + 8*y. Let o be p(-4). Suppose -o = t - 17. Calculate the highest common divisor of t and 4.
1
Let n be ((-12)/2)/(2/35*-5). Suppose 3*y + v - 194 = 2*y, -4*v = -20. What is the greatest common factor of n and y?
21
Suppose 3*z = 7*z + 16, -3*z = -4*y + 48. Let q(j) = 2*j**2 - 15*j + 17. Let b be q(y). What is the greatest common divisor of b and 4?
4
Suppose 0*l - 16 = 2*l. Let w = l - -13. Let k be 102/w - (-12)/(-30). Calculate the greatest common divisor of k and 30.
10
Suppose 55*z = 56*z - 66. What is the highest common divisor of z and 88?
22
Let i(l) = 1128*l**2 + 3*l. Let d be i(-1). What is the highest common divisor of d and 45?
45
Let g be 14/((-196)/(-21)) + (-8954)/(-4). Calculate the greatest common factor of 20 and g.
20
Let f = 1133 + -483. Calculate the highest common divisor of 26 and f.
26
Let z(t) = -2*t - 2*t - 8 + 8*t. Suppose -5*x = -3*u - 0*u + 16, -4*u = -4*x - 32. Let m be z(u). Calculate the highest common factor of m and 16.
8
Let a(r) be the second derivative of -r**4/12 + 13*r**3/6 - 9*r**2 - 34*r. Let q be a(10). What is the greatest common divisor of q and 108?
12
Let q be (1 - (-10)/(-14)) + (-7791)/(-343). What is the highest common divisor of 207 and q?
23
Suppose 5*i - 3 = 57. Suppose 3*a - 400 = 629. Suppose 4*o - a = 89. Calculate the greatest common factor of i and o.
12
Let v(i) = 380*i**2 - 103*i - 105. Let w be v(-1). Suppose -2*r = 4*x - 84, -126 = -3*r + 4*x - 7*x. What is the greatest common divisor of r and w?
42
Let q be 5*48/(-60) - -84. Calculate the highest common factor of q and 60.
20
Let i(g) = 10*g + 15. Let p(y) = y. Let h(o) = i(o) - 6*p(o). Let k be h(6). Calculate the highest common factor of k and 117.
39
Let h = 68 + -66. Let f be ((0 - 4) + 5)/1. What is the highest common divisor of f and h?
1
Let i(s) = s**3 + 10*s**2 + 8*s - 2. Let u be i(-9). Suppose -3*c + u*c = 168. What is the highest common factor of c and 63?
21
Suppose 3*w + 46 - 112 = 0. Let x = -9 + w. Calculate the highest common divisor of 78 and x.
13
Let l = 2702 - 2696. Calculate the greatest common factor of 786 and l.
6
Let z(m) = m**2 + 1. Let n be z(2). Let i be (66/18)/(2/6). Suppose 0*y - 6 = -2*y - 2*c, -4*y - n*c = -i. What is the highest common factor of y and 6?
2
Let o = -9 - -12. Suppose -o + 0 = -s. Suppose 5*z = -s*x + 234, 2*z + 58 = 3*z - 5*x. Calculate the highest common facto